 the remainder when y is divided by 7.
5
Let o be 1/(-6) - ((-2618)/(-12))/11. Calculate the remainder when 43 is divided by 71*1/5 + o/(-25).
13
What is the remainder when 581 is divided by 3*((-488)/(-24) - -4)?
70
Suppose 5 = -4*n + 1. What is the remainder when 34 is divided by ((-1)/(-2))/(n + (-13)/(-12))?
4
Suppose 74 = 3*q - 16. Suppose 0 = -3*w + w + 22. What is the remainder when q is divided by w?
8
Let x(v) = 2*v**2 - 7*v + 5. Let h = -6 + 10. Suppose -2*f = 3*f - 2*l - 21, 0 = 3*f + l - 6. What is the remainder when x(h) is divided by f?
0
Let r(n) = -7*n - 37. Let z be r(-6). Suppose -z = -2*p + 23. Suppose a + 2*a - 30 = 0. What is the remainder when p is divided by a?
4
Let t(d) = -12*d - 24. Let f = 40 + -88. Let r(o) = 114*o + 228. Let k(a) = f*t(a) - 5*r(a). Calculate the remainder when k(5) is divided by 11.
9
Let t(n) = -n**2 - 13*n - 17. What is the remainder when t(-10) is divided by (1 + -8)/(0 + -1)?
6
Let u be ((-3 - -3) + -28)/1. Suppose -x = -5*r - 2*x + 150, 5*r = -4*x + 165. Let c = u + r. What is the remainder when c is divided by 1?
0
Suppose -6 = -8*w + 2*w. Calculate the remainder when (-2)/((-3)/87*w) is divided by 30.
28
What is the remainder when 18 is divided by (-77)/(-7) - (-2 - 0)?
5
Let w(a) = a**3 + 5*a**2 + 3*a - 3. Let s = 7 - 10. What is the remainder when w(s) is divided by 4?
2
Let k be (-30)/(-6)*(2 + 1). Suppose r + k = 6*r. Suppose 4 = -r*t + 40. What is the remainder when 22 is divided by t?
10
Let n = -27 - -42. What is the remainder when (3*-11)/(24/(-32)) is divided by n?
14
Let v(u) = 15*u + 6. Suppose 142 = 6*x - 4*x. Calculate the remainder when x is divided by v(2).
35
What is the remainder when 3586/33 + (-10)/6 is divided by 38?
31
Let m = 184 + -367. Let n = m + 262. What is the remainder when n is divided by 21?
16
Let i = 19 - 3. What is the remainder when 255 is divided by i?
15
Suppose 4*l + 82 = 98. What is the remainder when 27/l + 6/24 is divided by 5?
2
Suppose 2*y - 126 = -4*o, 4*y + 2*o = o + 266. Let k = y + 3. What is the remainder when k is divided by (-1)/5*-92 + (-2)/5?
16
Suppose -255*o - 180 = -257*o. What is the remainder when o is divided by 31?
28
Let o = 150 + 11. Let k = 89 - 47. Calculate the remainder when o is divided by k.
35
Suppose -998*q = -1007*q + 126. Calculate the remainder when 174 is divided by q.
6
Let u(i) = 3*i**2 + 16*i + 19. What is the remainder when u(-9) is divided by 15?
13
Let s = -42 - -91. Let a = 62 - s. Calculate the remainder when 27 - (0 - 0 - -2) is divided by a.
12
Suppose -2*h - m = -16, 133*m = 3*h + 137*m - 34. Let q(p) = -3*p. What is the remainder when q(-4) is divided by h?
0
Suppose 6*c = 5*c + 14. Calculate the remainder when ((-6)/4)/((-99)/4422) is divided by c.
11
Let f(i) = 2*i**2 + 2*i + 6. Let s(v) = 16*v**2 + 2*v - 2. Calculate the remainder when s(-2) is divided by f(-2).
8
Suppose -43*i - 15*i + 2958 = 0. What is the remainder when i is divided by 26?
25
Let s(m) = 10*m - 2*m**3 + 3*m**3 - 2*m**3 - 13*m**2 - 17. Let q be 5/4 + (-2318)/152. What is the remainder when 154 is divided by s(q)?
37
Let c = 262 + -183. Let f = -903 + 919. What is the remainder when c is divided by f?
15
Let a = 104 - 74. Let x(i) = -i**3 + 11*i**2 - 9*i - 10. Let h be x(10). Suppose h = 54*j - 55*j + 11. What is the remainder when a is divided by j?
8
Let o = -202 + 285. Calculate the remainder when o is divided by 21.
20
Let h = -15 + 19. Suppose h*l - l = -o + 1, -4 = 4*l. Suppose 0 = -o*z + 62 - 2. What is the remainder when 42 is divided by z?
12
Let d(o) = 9*o**2 + 54. Calculate the remainder when 298 is divided by d(0).
28
Suppose -3*w + 35 + 19 = 0. Suppose -5*p + w = p. Suppose 2 + p = j. What is the remainder when 17 is divided by j?
2
Let y = -4 + 30. Let t = 22 + -27. Let k(u) = -2*u - 3. Calculate the remainder when y is divided by k(t).
5
Suppose -4*s = -8*s. Suppose s = -9*u + 4*u - 10. What is the remainder when 31 is divided by 11 - (u - (-4 - -2))?
9
Let t(z) = 4*z - 18. Let v be t(6). Suppose -v*f + 18 = -0*f. Suppose -2*x + 31 = -5*w, -3*x + 2*x - 1 = f*w. Calculate the remainder when 29 is divided by x.
5
Let c = -34 - -44. Suppose -c + 2 = -l. Calculate the remainder when 20 is divided by l.
4
Let c = 245 + -227. Suppose 0*z + 2*a = -2*z + 32, 5*a + 130 = 5*z. Calculate the remainder when (83/(-2))/((-27)/c + 1) is divided by z.
20
Let w = 101 - 99. Suppose 2*g + 2*p = 44, 0*g - w*g + 44 = -2*p. Calculate the remainder when 85 is divided by g.
19
Let k = 284 - 265. What is the remainder when 71 is divided by k?
14
Let g(b) = -b**2 - 11*b - 9. Suppose 18 = 5*r - 7. Suppose -27 = -r*f + 8*f. What is the remainder when g(f) is divided by 4?
1
Let w(d) = 6*d**3 - 1. Let z be w(1). Let q(m) = z + 5 - 1 - 2*m**2 - m. Calculate the remainder when 35 is divided by q(0).
8
Let c(y) = -9*y - 35. Calculate the remainder when c(-11) is divided by 17.
13
Suppose 46*m + 3*s + 32 = 51*m, 5*m + 5*s = 40. What is the remainder when 77 is divided by m?
0
Suppose 0*u - 4*u - 3*g = -198, -46 = -u + g. Calculate the remainder when u is divided by 14.
6
Let y = -405 + 418. Let w(l) = 39*l**2 + l + 1. Let d be w(-1). Let i = y + d. Calculate the remainder when i is divided by 18.
16
Let i(x) = x**3 - 12*x**2 + 20*x + 17. What is the remainder when i(11) is divided by 17?
14
Let c = 4 + 1. Let h be -4*((-2025)/(-10))/(-9). Suppose 4*b - h = -5*w, 0*b = -3*b. Calculate the remainder when w is divided by c.
3
Let n = -17 - -94. Let d = -17 + 43. What is the remainder when n is divided by d?
25
Let q(w) = 11*w**2 + w + 23. Calculate the remainder when q(-3) is divided by 4.
3
Calculate the remainder when 194 is divided by ((-48)/(-36))/(4/150).
44
Suppose -11*w - 101 + 123 = 0. Let g(b) = -b**2 - 4*b + 6. Let t be g(-5). What is the remainder when (t - 0)/((-2)/(-6)) is divided by w?
1
Suppose 0 = -66*w + 51573 - 12567. What is the remainder when w is divided by 37?
36
Suppose 9*p = 17 + 199. What is the remainder when 67 is divided by p?
19
Suppose -262 - 112 = -11*i. Calculate the remainder when 66 is divided by i.
32
Let p(w) = w**3 - 17*w**2 - 17*w - 23. Let g be p(18). Calculate the remainder when (-2)/5 - (182/g - -3) is divided by 6.
3
Suppose -3*b + 5*h = -271 + 33, 0 = 2*b + h - 163. Let c(r) = r + 48. What is the remainder when b is divided by c(-20)?
25
Suppose -9*b + 6 = -12*b, 5*t - 4*b - 13 = 0. Calculate the remainder when 94 is divided by t.
0
Let x be (-2 + 1)/(4*(-2)/16). Suppose 3*t + 0*a = x*a + 69, -38 = -2*t + 4*a. Calculate the remainder when t is divided by 4.
1
Let r(w) = 9*w - 169. What is the remainder when r(21) is divided by 12*((-4)/(-6) + 0)?
4
Let f(j) = j**3 - 9*j**2 + 7*j + 2. Let h be f(9). What is the remainder when 3175/h + (-4)/(-26) is divided by 25?
24
Let g(x) = -29*x - 4. Let l(q) = q**2 - 28*q - 304. Calculate the remainder when g(-4) is divided by l(-9).
25
Suppose 2*k - 12 = -k. Suppose 0*s + 160 = 20*s. Suppose -k*i - 116 = -s*i. What is the remainder when i is divided by 8?
5
Let a = 148 - 0. Suppose 5*s = -5*x + 89 + 11, -x + 5 = 0. What is the remainder when s is divided by a/20 - 9/(-15)?
7
What is the remainder when 460 + -52 - (-1 + 1) is divided by 10?
8
Suppose 117*d - 8176 = 5*d. What is the remainder when 234 is divided by d?
15
Suppose 2*w - 7 = 1. Let u = -15 + 15. Suppose -5*s = -5*m - u*m - 110, w*s = m + 76. Calculate the remainder when 71 is divided by s.
17
Suppose 5*v - 30*v = -825. What is the remainder when 272 is divided by v?
8
Let q(c) = 10*c + 2. Let w be q(-1). Let s = w + 9. Let o = 87 - s. What is the remainder when o is divided by 29?
28
Let g = -1136 - -1286. Calculate the remainder when g is divided by 76.
74
Let x = 582 + -167. Calculate the remainder when (-1)/(3 - x/139)*-2 is divided by 28.
27
Suppose -8*s - 786 = 46. Let x be (s/(-12))/(4/36). Suppose x = 4*c - 454. Calculate the remainder when c is divided by 27.
25
Suppose -285 = -5*a + 5*r, 14*r = -4*a + 10*r + 220. Calculate the remainder when a is divided by 8.
0
Suppose 3*p + 5*r - 4 = 22, -3*p = -5*r + 14. What is the remainder when (-2)/(-9) + (-868)/(-63) is divided by p?
0
Let o = -130 + 149. Let m(u) = 4*u - 60. Calculate the remainder when 62 is divided by m(o).
14
Let a be 4/(-1 - (-4)/76 - -1). 